 = 182 - 98. Suppose -2*l + 3*l - s = 0. Calculate the greatest common factor of l and b.
12
Let c be (0/(2/2))/(-1). Suppose -5*i + 3*j - 8*j + 5 = 0, -4*i - 2*j + 6 = c. Let h be -2 - (-1 + -2*3). Calculate the highest common divisor of i and h.
1
Suppose -4*j + 50 = -302. What is the greatest common divisor of 8 and j?
8
Suppose -3*t - 2*a = -23, -9*a - 18 = -3*t - 12*a. What is the greatest common factor of t and 121?
11
Let j(d) = -5*d - 19. Let y be j(-4). What is the greatest common factor of 2 and y?
1
Let a be (2 + -4)/(2/(-3)). Suppose 0 = -a*o + 7*o - 8. Calculate the highest common factor of 2 and o.
2
Let j(m) = -12*m - 9. Let f be j(-6). Calculate the highest common divisor of 7 and f.
7
Let q be ((-24)/5)/((-9)/330). Suppose g = -g + q. Calculate the greatest common divisor of 8 and g.
8
Let s(j) = -2*j**3 - j**2 + 7*j + 6. Let f be s(-4). Suppose 0 = -3*i - 2*i + 45. Calculate the greatest common factor of i and f.
9
Suppose -145 = -2*o - 3*h + 128, 0 = 3*o - 5*h - 457. Suppose -4 = 2*u - 2. Let j be 212/12 + u/(-3). What is the greatest common divisor of j and o?
18
Suppose -q + 2 = 5*d - 106, -34 = -2*d - 5*q. Let r = -3 + -3. Let w = d - r. What is the greatest common divisor of w and 4?
4
Suppose -5*t = -8*t + 12. Suppose -t*g + 4*s - 221 + 57 = 0, 5*s = g + 53. Let v = -23 - g. What is the greatest common divisor of 3 and v?
3
Let z be (3 + (-1 - -4))*3. Calculate the greatest common divisor of z and 2.
2
Suppose -a = -o + 9, 0 = -2*o + a - 2*a + 3. Let u = -19 - -55. Calculate the highest common factor of u and o.
4
Let h = 37 + -34. Calculate the highest common factor of 4 and h.
1
Suppose 4*t = 3*z - 420, 5*z - 147 - 518 = -5*t. Suppose -5*y - 31 = -z. Calculate the highest common factor of y and 189.
21
Let t be 125 + (-1 - (-1 + 1)). Let f(p) = p**3 - 11*p**2 + 4*p - 10. Let u be f(10). Let k = t + u. Calculate the greatest common factor of k and 18.
18
Let w(q) = 153*q + 1. Let y be w(1). Suppose 0 = -22*b + 24*b - 28. Calculate the greatest common divisor of y and b.
14
Let v = 18 - 11. Let x(r) = r**2 - 4*r + 5. Let h be x(4). Suppose 3*u = h + v. Calculate the greatest common factor of u and 2.
2
Suppose 10 = b - 0*b. Calculate the greatest common divisor of 15 and b.
5
Let j(c) = -c**2 + 2*c + 15. Let i be j(0). Calculate the greatest common factor of 15 and i.
15
Suppose 0 = -4*c + 184 - 40. Suppose -j = 3*j - c. Calculate the greatest common factor of j and 9.
9
Let r be (-1)/(-1) + -1 + 95. Let i(d) = 8*d - 7. Let m be i(6). Suppose -98 = -3*o - m. What is the highest common factor of r and o?
19
Let m(z) = -4*z - 5. Let p be m(-4). Suppose -3 = 2*c - p. Suppose 2*f + c = -5*a, 4*f = -f - 2*a + 11. Calculate the highest common factor of 18 and f.
3
Let m be 4/(-22) - (-171)/33. Suppose -5*k - 45 = -m*h, k + 0*k + 33 = 5*h. Let z = -51 - -99. What is the greatest common factor of z and h?
6
Suppose 4*a - 58 = 3*c + 37, -3*c = -2*a + 43. Suppose -2*g + 92 = 14. Calculate the highest common factor of g and a.
13
Let p(z) = -z**2 - 10*z - 9. Let b be p(-6). Calculate the greatest common factor of 75 and b.
15
Let g be (-2)/2 - 732/(-3). Let t(m) = 2*m + 1. Let f be t(13). What is the highest common factor of g and f?
27
Suppose 2*z + 2*z = 24. Suppose -4*d + z = -d. Suppose -3*u - 8 = 2*k - 31, -k = d. What is the highest common factor of u and 81?
9
Let l be (-5 - -7 - 14)/(-1). What is the greatest common factor of 4 and l?
4
Let d be 8/24 + 100/6. What is the highest common factor of 119 and d?
17
Suppose -7*j - 13 = -629. Calculate the greatest common divisor of 22 and j.
22
Let y = -23 - -73. Suppose -u + 0*u + 10 = 0. What is the highest common divisor of u and y?
10
Let m(w) = -2*w - 4 + 2 + w. Let a be m(-6). Let n = -55 + 59. What is the highest common divisor of a and n?
4
Suppose -k = 3*l - 159, 3*k + 13 = 4. Let x = 7 - 0. Let t be (x + -1)/(-1 + 2). What is the greatest common divisor of t and l?
6
Let n be 114/3 + (2/(-1) - 2). Calculate the greatest common factor of 272 and n.
34
Suppose -3*q = 2*q + 15. Let c(n) = 0 + n - n + 1 + 4*n + 11*n**2. Let x be c(q). Calculate the greatest common divisor of 11 and x.
11
Let k = 288 - 143. Suppose 2*p + 0*p = -j - 105, 3*p + k = -4*j. Let w = 94 + p. What is the highest common divisor of 13 and w?
13
Suppose 6*u - 7*u + 20 = 0. Calculate the highest common divisor of u and 50.
10
Suppose -20 = -q - q. Suppose -q = -3*u - 1. Suppose -n = u*n - 36. Calculate the highest common divisor of 9 and n.
9
Suppose -5*u - 16 - 6 = -2*w, -2*w + 18 = -3*u. Calculate the greatest common factor of 2 and w.
2
Suppose 396 = 4*x - x. Let u be (-2)/(1 - (-1 - -3)). Suppose u*l = -l + 36. Calculate the highest common factor of x and l.
12
Suppose -4*v + 216 = -2*v. What is the highest common divisor of 12 and v?
12
Let y(r) be the first derivative of r**3/3 - 3*r**2/2 + 2*r - 1. Let j be y(4). What is the highest common factor of j and 48?
6
Suppose -w = -0*w - 2. Suppose -w*x = -0*x - 342. What is the highest common divisor of x and 19?
19
Let y = 12 + -9. Suppose y*v - 732 + 273 = 0. Calculate the greatest common factor of 17 and v.
17
Let s(k) = 7*k**2 - 2*k + 3. Let g be s(1). Calculate the greatest common factor of g and 56.
8
Let y = -40 + 80. Let p(a) = a**2 - 13*a - 25. Let j be p(15). Calculate the highest common factor of j and y.
5
Suppose -4*t + 17 = 3*h, t + 10 = 8*h - 4*h. Suppose 0 = 2*p - 8 + 2. What is the highest common factor of p and h?
3
Let l = 61 - 50. Calculate the highest common divisor of 121 and l.
11
Suppose 3*m - 24 = -3*l, -2*m + 2*l - 7 = -m. Suppose -r - h = -17, r + m*h = 5*h + 17. Calculate the highest common divisor of r and 153.
17
Let v(u) = -u**3 - 6*u**2 - 8*u + 3. Let m be v(-7). Suppose -2*o + m = o. Calculate the greatest common factor of 9 and o.
9
Suppose 3*v = -3*s, -5*v = 2*s - s. Suppose s = -2*g + 6*g - 132. What is the highest common divisor of g and 11?
11
Let l(n) = -n**2 + 17. Let w be l(0). Calculate the highest common divisor of w and 136.
17
Suppose 0 = -l - 0*l + 14. Let h = -209 - -363. What is the greatest common factor of l and h?
14
Let p(c) = c**2 + c - 2. Let f be p(-2). Suppose s - 32 - 111 = f. Suppose -2*m + s - 23 = 0. Calculate the greatest common divisor of m and 24.
12
Let x = -3 - -7. What is the highest common divisor of 1 and x?
1
Suppose 5*h = 4*p + 41, 2*p = -3 - 5. Suppose -24 = f - h*m, 2*f = 6*f + m - 9. What is the greatest common factor of 3 and f?
1
Suppose -4*m + 861 = -67. What is the greatest common divisor of 29 and m?
29
Suppose -220 = -13*c + 3*c. What is the greatest common factor of 154 and c?
22
Suppose -5*x - 13 + 88 = 0. Calculate the greatest common divisor of x and 15.
15
Suppose -2*l + 3 = -1, -f - 5*l = -32. Let u(w) = 11*w**2. Let g be u(1). Calculate the highest common divisor of g and f.
11
Let y be 0/1 - (-4 + -77). Let n be (0/5)/(-6) + 54. What is the highest common divisor of n and y?
27
Suppose 93 = 4*m - 27. Calculate the greatest common factor of 15 and m.
15
Let r(v) = -v**2 - 8*v - 5. Let u be r(-7). Suppose w = -w - u*t + 186, -t = 3. Calculate the greatest common divisor of w and 12.
12
Suppose -7*g = -2*g - 40. Let d = 73 - 41. Calculate the highest common factor of g and d.
8
Suppose -16*v + 13*v + 279 = 0. Calculate the highest common factor of 31 and v.
31
Let l(u) = 6*u - 45. Let v be l(21). Calculate the greatest common factor of v and 9.
9
Let a be (3 - (1 - 1)) + 293. Let p = -166 + a. Calculate the highest common factor of 52 and p.
26
Let y(o) = -2*o - 1. Let h be y(-5). Let f(b) = 3 + 4 - h*b - 1 - 5. Let d be f(-1). Calculate the highest common divisor of 80 and d.
10
Let u be 24/4 + 2/(-2). What is the highest common divisor of 20 and u?
5
Let g(m) = 8*m. Let h be 3 + (-15)/(-3) - 3. Let n be g(h). Calculate the highest common divisor of n and 16.
8
Suppose -2*y + 3*d = 2*d - 15, 15 = 5*y + 5*d. Let v(i) = 6*i - i**2 - 13 - 1 + 0*i + 3*i**2. Let z be v(-7). Calculate the highest common divisor of z and y.
6
Let b be 1578/(-4) + 2/4. Let l be b/(-9) - 2/(-9). What is the greatest common factor of l and 66?
22
Let c(u) be the first derivative of -u**4/4 + 3*u**3 + 2*u + 8. Let m be c(6). What is the highest common divisor of m and 10?
10
Suppose -5*l - 2